 the highest common factor of 300 and 180?
60
What is the highest common factor of 136 and 88?
8
What is the highest common factor of 46 and 2346?
46
What is the highest common factor of 155 and 15?
5
Calculate the highest common divisor of 26 and 234.
26
What is the highest common factor of 474 and 40?
2
What is the greatest common divisor of 49 and 1169?
7
What is the highest common factor of 300 and 96?
12
Calculate the greatest common divisor of 156 and 12.
12
What is the greatest common factor of 56 and 385?
7
What is the greatest common factor of 746 and 2?
2
What is the highest common divisor of 16038 and 44?
22
Calculate the greatest common factor of 1596 and 665.
133
What is the highest common divisor of 182 and 52?
26
What is the highest common divisor of 125 and 1300?
25
Calculate the greatest common factor of 28 and 140.
28
What is the greatest common factor of 3922 and 222?
74
Calculate the highest common divisor of 415 and 5.
5
What is the greatest common factor of 1800 and 3300?
300
Calculate the highest common divisor of 20 and 4.
4
What is the highest common divisor of 65 and 364?
13
Calculate the greatest common divisor of 44 and 308.
44
What is the highest common factor of 40 and 24?
8
What is the highest common divisor of 1168 and 64?
16
Calculate the highest common divisor of 260 and 2990.
130
What is the greatest common factor of 16 and 544?
16
What is the highest common divisor of 1584 and 4059?
99
Calculate the greatest common divisor of 98 and 7154.
98
Calculate the highest common factor of 176 and 2134.
22
What is the highest common divisor of 232 and 1192?
8
Calculate the greatest common factor of 76 and 28.
4
Calculate the greatest common factor of 148 and 136.
4
Calculate the highest common divisor of 14 and 686.
14
Calculate the highest common divisor of 32 and 1192.
8
Calculate the greatest common divisor of 35 and 1435.
35
What is the highest common factor of 264 and 26532?
132
Calculate the highest common divisor of 1633 and 355.
71
What is the greatest common factor of 1755 and 468?
117
Calculate the highest common factor of 143 and 913.
11
Calculate the greatest common factor of 65 and 52.
13
Calculate the greatest common divisor of 657 and 73.
73
What is the greatest common divisor of 68170 and 17?
17
What is the highest common factor of 2264 and 24?
8
Calculate the greatest common divisor of 3456 and 108.
108
Calculate the greatest common factor of 4419 and 27.
9
What is the greatest common factor of 2891 and 245?
49
What is the highest common factor of 273 and 104?
13
Calculate the greatest common divisor of 28281 and 66.
33
What is the highest common divisor of 816 and 510?
102
What is the greatest common divisor of 41 and 68921?
41
Calculate the greatest common divisor of 72 and 228.
12
What is the highest common factor of 311 and 3?
1
Calculate the highest common factor of 112 and 48.
16
Calculate the highest common divisor of 703 and 407.
37
What is the greatest common divisor of 9369 and 694?
347
What is the highest common factor of 221 and 1625?
13
What is the greatest common factor of 12060 and 900?
180
Calculate the highest common divisor of 106 and 265.
53
What is the highest common divisor of 165 and 15?
15
Calculate the greatest common divisor of 2 and 26.
2
Calculate the highest common factor of 52 and 39.
13
What is the highest common factor of 221 and 65?
13
What is the greatest common factor of 11932 and 76?
76
Calculate the greatest common divisor of 16 and 60.
4
What is the greatest common divisor of 128 and 16?
16
Calculate the highest common factor of 2000 and 450.
50
Calculate the highest common factor of 64 and 72.
8
Calculate the greatest common divisor of 212 and 4505.
53
Calculate the greatest common factor of 66 and 726.
66
What is the greatest common divisor of 10 and 320?
10
Calculate the greatest common factor of 69 and 132.
3
Calculate the highest common factor of 324 and 36.
36
What is the greatest common factor of 46 and 3818?
46
What is the highest common factor of 32 and 180?
4
What is the highest common divisor of 215 and 340?
5
Calculate the highest common divisor of 92 and 69.
23
Calculate the highest common divisor of 41 and 2050.
41
Calculate the highest common divisor of 2328 and 36.
12
Calculate the highest common divisor of 576 and 162.
18
Calculate the highest common divisor of 253 and 529.
23
Calculate the highest common factor of 285 and 87210.
285
Calculate the greatest common divisor of 30 and 50.
10
What is the greatest common divisor of 231 and 143?
11
What is the highest common factor of 588 and 24?
12
What is the greatest common divisor of 20900 and 110?
110
What is the greatest common divisor of 212 and 318?
106
What is the highest common factor of 154 and 378?
14
Calculate the greatest common factor of 71 and 2272.
71
What is the greatest common factor of 12 and 196?
4
What is the greatest common factor of 992 and 62?
62
Calculate the greatest common divisor of 39 and 351.
39
What is the highest common divisor of 455 and 3510?
65
What is the greatest common divisor of 11 and 12760?
11
What is the highest common divisor of 225 and 396?
9
What is the highest common divisor of 118 and 472?
118
Calculate the greatest common divisor of 196 and 343.
49
Calculate the greatest common divisor of 34 and 170.
34
What is the highest common factor of 981 and 18?
9
What is the greatest common factor of 612 and 1122?
102
Calculate the greatest common factor of 50 and 40.
10
What is the highest common factor of 13938 and 414?
138
Calculate the highest common divisor of 19 and 1121.
19
Calculate the greatest common factor of 720 and 7740.
180
Calculate the greatest common divisor of 1920 and 1560.
120
What is the highest common divisor of 112 and 80?
16
Calculate the greatest common factor of 5920 and 160.
160
Calculate the highest common divisor of 90 and 210.
30
Calculate the highest common factor of 14 and 2674.
14
What is the highest common factor of 40 and 120?
40
What is the greatest common factor of 702 and 108?
54
Calculate the greatest common divisor of 282 and 12.
6
Calculate the highest common divisor of 2723 and 7.
7
Calculate the greatest common divisor of 1521 and 549.
9
What is the greatest common factor of 427 and 56?
7
What is the greatest common factor of 53 and 5?
1
Calculate the highest common factor of 1808 and 1243.
113
Calculate the highest common factor of 235 and 27589.
47
What is the greatest common factor of 184 and 152?
8
What is the highest common factor of 456 and 171?
57
What is the highest common factor of 267 and 1691?
89
Calculate the highest common factor of 91 and 3250.
13
What is the greatest common divisor of 30 and 160?
10
What is the greatest common factor of 1232 and 4368?
112
Calculate the greatest common factor of 19 and 817.
19
What is the highest common divisor of 114 and 27360?
114
What is the highest common factor of 72 and 828?
36
Calculate the greatest common factor of 36 and 711.
9
What is the greatest common factor of 825 and 33?
33
What is the highest common divisor of 1224 and 54?
18
What is the greatest common factor of 209 and 1444?
19
Calculate the greatest common divisor of 1541 and 69.
23
Calculate the greatest common factor of 918 and 238.
34
What is the highest common divisor of 12922 and 364?
182
Calculate the highest common factor of 33 and 627.
33
Calculate the greatest common divisor of 7338 and 6.
6
What is the highest common divisor of 117 and 4407?
39
What is the greatest common factor of 27 and 675?
27
Calculate the greatest common factor of 33 and 39.
3
Calculate the highest common factor of 24 and 38040.
24
Calculate the greatest common divisor of 1702 and 368.
46
Calculate the highest common factor of 85 and 102.
17
What is the highest common divisor of 17 and 3349?
17
What is the highest common factor of 35 and 9205?
35
Calculate the greatest common factor of 22 and 1276.
22
What is the highest common divisor of 126 and 1092?
42
What is the highest common divisor of 3737 and 37?
37
What is the greatest common factor of 138 and 897?
69
What is the highest common factor of 96 and 648?
24
What is the highest common divisor of 200 and 30?
10
What is the highest common divisor of 2698 and 3266?
142
Wh